alculate the remainder when n(-7) is divided by 8.
5
Let s = -20 - -26. Calculate the remainder when s is divided by 4.
2
Let z = 9 - -6. What is the remainder when 57 is divided by z?
12
Let t(j) = 4*j**2 + 12 - 7*j**2 - 3 + 2*j - j**3 - 2*j**2. Calculate the remainder when t(-6) is divided by 9.
6
Let m = -26 - -16. What is the remainder when (-4)/m - (-168)/5 is divided by 18?
16
Suppose -6*h + 1 = -5*h. Let t be -12 - (1 - 1) - h. What is the remainder when (1 + -3)/(2/t) is divided by 5?
3
What is the remainder when (6/(-5))/(1/(-15)) is divided by (2/(-3))/(4/(-42))?
4
Let m be -3*2*6/9. What is the remainder when 2*(-136)/m + -2 is divided by 17?
15
Suppose -2*z + 16 = -12. Calculate the remainder when z is divided by (-6)/21 - 74/(-14).
4
Let k be (16 + -1)*1/3. Suppose 2*a + k*q = 46, -4*a - a + 115 = -5*q. Calculate the remainder when a is divided by 12.
11
Suppose -4*k + 46 + 14 = 3*l, l - 32 = -2*k. What is the remainder when k is divided by 12?
6
Let h = -30 + 57. Calculate the remainder when h is divided by 7.
6
Suppose 3*f = 2*w + 23 + 10, -4*f + 58 = 2*w. Suppose 97 = -4*v + c - 6*c, 2*c = 5*v + 80. Let y = -11 - v. Calculate the remainder when f is divided by y.
6
Suppose 7*q - 3*q - 48 = 0. Calculate the remainder when 35 is divided by q.
11
What is the remainder when 6 is divided by ((-2)/8)/((-3)/24)?
0
Let j(b) = -34*b**3 - 2*b - 1. What is the remainder when 68 is divided by j(-1)?
33
Calculate the remainder when 3 + (-6)/((-36)/210) is divided by 14.
10
Suppose 0 = -4*j + 3*f + 69, 3*f - 1 - 20 = -j. Calculate the remainder when (13*4/(-8) + 5)*-46 is divided by j.
15
Let i(c) = -c**3 - 5*c**2 - 5*c + 2. What is the remainder when i(-6) is divided by 0 - (-25 - (-6)/3)?
22
Let b(a) = -1 - 27*a**2 - 5*a**2 - 26*a**2. Let j be b(1). Let q = -27 - j. Calculate the remainder when q is divided by 11.
10
Let r(m) = -4*m - 19. Calculate the remainder when 36 is divided by r(-8).
10
Let w = 8 + -6. Suppose -1 + 7 = 3*z. What is the remainder when z is divided by w?
0
Let f(j) = -j**2 + 4*j. Let a(v) = -v**2 + 12*v + 6. Calculate the remainder when a(12) is divided by f(2).
2
Let t(a) = a - 7. What is the remainder when 27 is divided by t(14)?
6
Suppose 3*a + 3 = -6, 0 = -3*g + a + 156. Suppose w + 2*w = 54. Calculate the remainder when g is divided by w.
15
Let v = 15 - 10. Suppose -v*j + 0*j - 5 = -o, 2*o + 2*j - 34 = 0. Calculate the remainder when 72 is divided by o.
12
Let k be 6/4*(-2)/3. Let d = k - -18. What is the remainder when d is divided by 9?
8
Calculate the remainder when (-90)/27*(27/(-6) + -3) is divided by 10.
5
Let z = 43 - 24. What is the remainder when z is divided by (11/4)/(1/4)?
8
Suppose -r - r + 36 = 0. Calculate the remainder when r is divided by 10.
8
Let n(b) = 2*b + 1. Let k be n(-2). Let o be ((-6)/(-4))/(k/(-6)). Suppose 5 = o*t - 13. What is the remainder when 16 is divided by t?
4
Suppose -2*q + 199 = 3*q + 3*b, 156 = 4*q + 4*b. What is the remainder when q is divided by 16?
9
Let s be (1 - 11) + 3 + 0. Let u(l) = l**2 + 5*l - 7. Calculate the remainder when 19 is divided by u(s).
5
Let b = 26 - 13. Suppose 0 = 2*r - 3 - 11. Calculate the remainder when b is divided by r.
6
Suppose 5*i = 3*b + 9*i - 65, -5*b = -5*i - 155. Calculate the remainder when b is divided by 5.
2
Let g = -89 - -127. Calculate the remainder when g is divided by 10.
8
Let i = 14 + -8. Calculate the remainder when (-9)/6*(-28)/i is divided by 4.
3
Suppose 2*h = -h + 114. Suppose 6*j = 5*j + 3. Suppose j*c - 26 = c. What is the remainder when h is divided by c?
12
Let l be (3/15 - -1)*-5. Let z = 9 + l. Suppose -z*c = -6*c + 183. Calculate the remainder when c is divided by 21.
19
Let t(j) = j**2 + 11*j - 5. Calculate the remainder when 12 is divided by t(-12).
5
Let n = 285 + -143. What is the remainder when n is divided by 13?
12
Suppose -o = o. Suppose -2*j = -o*j - 48. Calculate the remainder when j is divided by 13.
11
Suppose 0 = -2*s - 100 - 50. Let o = s + 109. Let p(f) = f + 18. Calculate the remainder when o is divided by p(0).
16
Let x(v) = -v**3 + 6*v**2 + 7*v + 4. What is the remainder when 6 is divided by x(7)?
2
Let z(f) = -4*f - 5. Let s = -3 - -3. Suppose s = 2*n + n - 96. Calculate the remainder when n is divided by z(-4).
10
Let m(w) = 5*w**2 - 7*w - 19. What is the remainder when 185 is divided by m(-3)?
44
Let p be 0*1/(-2)*1. Suppose 2*h - 116 = -2*h - q, p = 2*h - 4*q - 58. What is the remainder when h is divided by 16?
13
Let o be (-1*3)/((-21)/35). What is the remainder when 43 is divided by (o - 2) + (0 - -12)?
13
Suppose 3*g - 61 = 41. What is the remainder when 67 is divided by g?
33
Suppose 4*b - 4 = 4. Suppose 56 = 4*s - 60. What is the remainder when s is divided by (3*5)/(2/b)?
14
What is the remainder when 141/2 - 3 - (-2)/(-4) is divided by 10?
7
Let v(f) = f**3 + 11*f**2 + 9*f - 4. Let w be v(-10). Let a be (138/w)/((-1)/3). Let z = -29 - a. What is the remainder when z is divided by 14?
12
Let p(m) = m**3 - 4*m + 2. Let b be p(3). Suppose 16*j - b*j = -7. Suppose -4*s - 6 = -54. Calculate the remainder when s is divided by j.
5
Let p(a) = 3*a - 4. Let h be p(5). Let f = 23 - h. What is the remainder when 33 is divided by f?
9
Let i = 141 + -25. What is the remainder when i is divided by 17?
14
Suppose -w - 8 = 4*n, n = -4*w + 4*n + 6. Let h(m) = -m**2 + m + 13. What is the remainder when h(w) is divided by 5?
3
Suppose -4*y + 6 + 10 = 0. Suppose -y*a + 76 = 4*d, -a = 3*d + 2*d - 3. What is the remainder when a is divided by 8?
7
Suppose -55*u + 62*u = 28. What is the remainder when u is divided by -2*3*(-2)/4?
1
Suppose c - 35 = -j - 3*c, 5*j - 5*c - 50 = 0. What is the remainder when j is divided by 6?
3
Suppose 0 = -5*x + 30 + 5. Let c(f) = 5*f + 4. Let o(p) = -4*p - 5. Let g(s) = -2*c(s) - 3*o(s). What is the remainder when g(x) is divided by 8?
5
Let a = 82 + -33. What is the remainder when 146 is divided by a?
48
What is the remainder when 49 is divided by 1 + -3 - -8 - 1?
4
Suppose 4*d + 77 + 75 = 0. Let o = d - -16. Let j = o + 59. Calculate the remainder when j is divided by 13.
11
Let u(o) = -8*o + 3. Let s be u(-3). Let z = s + -22. Calculate the remainder when 7 is divided by z.
2
Suppose -2 = -2*q + 2. Let i(h) = h**2 + h - 2. Let o be i(-4). Calculate the remainder when (5/o)/(2/8) is divided by q.
0
Let a = -79 - -122. Let z = 72 - a. Calculate the remainder when z is divided by 10.
9
Let j(f) = -2 - 6*f**2 + 3*f + f**3 + f - f**2. Let a be 31/4 + (-21)/28. Calculate the remainder when j(a) is divided by 14.
12
Calculate the remainder when (0 - -3)*(-8)/(-24) is divided by (-4)/(-2) - 3 - -2.
0
Suppose -4*m + a + 23 = 0, 5*a + 0 + 5 = -2*m. Let j be 2/(-4) - 17/(-2). Suppose 4*p - 60 = 2*z, j = -2*z - 0*z. What is the remainder when p is divided by m?
3
Suppose 0 = 5*m + 5*f + 4 - 89, 0 = 3*f + 12. Let r = 68 - 7. Calculate the remainder when r is divided by m.
19
Let z be 1 - (-1 + (4 - -1)). Let c = 9 - z. Calculate the remainder when 47 is divided by c.
11
Suppose 2*y - 4*y = -12. Let l = y + -1. Suppose 2*c = -0*g - g + 12, 25 = 3*g - l*c. Calculate the remainder when 18 is divided by g.
8
Let w(h) = h + 6. Calculate the remainder when 54 is divided by w(2).
6
Calculate the remainder when 306/4 - (-2)/(-4) is divided by 26.
24
Let w be 255/(-6)*(-32)/20. Suppose -2*b + 38 = -4*d, -3*b + w = -0*b + 5*d. Calculate the remainder when 60 is divided by b.
18
Let x = -3 + 7. Let i be (4/(-1))/(-2) + 0. What is the remainder when x is divided by (i/(-8))/(6/(-72))?
1
Suppose 23*k - 17*k - 114 = 0. Let f = 123 - 69. Calculate the remainder when f is divided by k.
16
Let q(c) = -2*c**3 - 3*c**2 - 4*c - 3. Let o be q(-2). Calculate the remainder when (-184)/(-18) - 2/o is divided by 3.
1
Let c = 45 - 28. What is the remainder when c is divided by 9?
8
Let i = 14 + -7. Let v(p) = 6*p**2 - p. Calculate the remainder when i is divided by v(1).
2
Suppose -2*f - 110 = 4*g, 2*g + 3*f + 90 = -g. Let t be ((-6)/10)/(5/g). Suppose 4*l = t*l + 10. What is the remainder when 19 is divided by l?
9
What is the remainder when 12/(-6)*(34/(-4) + 1) is divided by 4?
3
Suppose -4*d = 5*k - 35, -4*d = -k + 3*k - 2. What is the remainder when 42 is divided by k?
9
Suppose -6*t + 398 = -16. What i